3. Suppose -o = -m*o + 7634. Is o composite?
True
Let l be (-2*1)/(-9 + 8). Suppose 2*q + 861 = p, 0 = p - 3*p - l*q + 1734. Is p composite?
True
Suppose -59283 = -34*h - 29*h. Suppose 0 = h*d - 936*d - 16465. Is d composite?
True
Let q(l) = 15*l**3 - 2*l**2 + 3*l + 7. Let p be q(4). Let a = 807 + p. Let d = -1213 + a. Is d prime?
True
Suppose 3*j + 334 - 2692 = -3*d, 0 = 4*d + 2*j - 3134. Is d prime?
False
Suppose 6 + 24 = m. Suppose 96917 = m*p - 13*p. Is p composite?
False
Suppose -2*a + 5*i + 651703 = 0, 28*a - 30*a - 3*i = -651727. Is a composite?
True
Let r(i) = 27*i**3 + i**2 + 4*i - 11. Let v(a) = -2*a**3 + a**2 - 2*a - 2. Let f be v(-1). Is r(f) a composite number?
False
Let o be ((-42)/(-35))/((-6)/(-40)). Suppose -2 = -q + o. Suppose 6*t - q*t = -1036. Is t prime?
False
Let t be ((-3)/(27/282))/((-2)/12). Suppose 5*h - t = -168. Suppose 0 = -5*b + h*q + 12889, -2*b - 2*q + 5155 = -3*q. Is b prime?
False
Let p = -214799 + 358860. Is p a composite number?
False
Suppose 137*c + 5235 = 134*c. Let i = c - -3750. Is i composite?
True
Let u(p) = 1270753*p - 244. Let w be u(-4). Is w/(-186) + (-1)/3 a composite number?
False
Let r(y) = -185*y + 151. Is r(-8) a composite number?
True
Let y(u) = -322*u**3 - 437*u**3 + 3*u**2 - 352*u**3 + 3 + 873*u**3 + 6*u. Is y(-2) a composite number?
False
Suppose 0 = -84*r + 87*r - 1674. Let n = 865 - r. Is n a prime number?
True
Let r = 51872 + 1809. Is r prime?
True
Let q(z) = -z - 13. Let t be q(-11). Let u be ((-273)/12 - t)/(1/(-148)). Let s = -1752 + u. Is s a composite number?
False
Is -12 + 95703 + (-9 - -1) + 0 a prime number?
False
Let c(l) = 6*l - 81. Let r be c(12). Let q(a) = 34*a**2 - 20*a - 13. Is q(r) composite?
True
Let y(v) = 2*v**2 - 20*v + 53. Let t be y(9). Is -25 + 24 - t*-16 composite?
True
Let h = 19023 + -10933. Let b = 19573 - h. Is b composite?
False
Let l(t) = -2*t**2 + 29*t - 17. Let q be l(19). Let x be (-38)/(-57)*(-1 - (1 + q)). Suppose -5*f - 6*c = -2*c - 146, -x = -4*f - 5*c. Is f prime?
False
Let x(j) = -17*j + 30. Let l be x(2). Is (l - (-1 + 1 - 1)) + 626 prime?
False
Let o(r) = 30*r**2 - 8*r - 5. Suppose 6*g - 19 - 23 = 0. Let d be o(g). Suppose 0 = -2*t - 6, 0 = -j + 5*t - t + d. Is j prime?
False
Suppose -1015*n = -999*n - 41840. Is n a composite number?
True
Is 440736/(160/5)*2/(-6)*-1 prime?
True
Suppose 4*h - 3382 = -2*t - t, 5*t = 5*h - 4245. Let s = h + -278. Suppose 3*w = -6, 5*o + 7*w - s = 4*w. Is o a prime number?
False
Let v(y) = -28 - 1 - 442*y + 22. Suppose 2*h = 2*z, 2*h - 2*z - 4 = 2*z. Is v(h) composite?
False
Suppose 11*y = 3182 - 487. Let a = 911 - y. Suppose -3*j + a = -3*o, 5*o = 5 - 0. Is j a composite number?
False
Let z(w) be the third derivative of 33*w**5/4 - w**4/6 - w**3/6 + 20*w**2. Let t be z(-3). Suppose 0 = -7*m - 7*m + t. Is m a composite number?
True
Let w(j) = -25 - 7 + 14*j + 7 - 3 - j**2. Let f be w(12). Is (1473 - 0) + (-1)/(-2)*f a composite number?
False
Suppose -39*p + 7088729 = 26*p - 46*p. Is p prime?
True
Suppose r = -0*r + 2. Suppose 0 = 124*n - 133*n + 6165. Suppose 0 = r*l + n - 3827. Is l prime?
True
Suppose 5*y = 2*y - 2*u + 5451, 0 = -4*y + 5*u + 7268. Let z = 3384 - y. Let j = -582 + z. Is j prime?
False
Suppose 6*z - 90716 = -31850. Let p = z + -2880. Is p a prime number?
False
Let o = -28641 - -74612. Is o a prime number?
True
Suppose 21 = i + 3. Suppose 0 = i*w - 8*w + 40. Let c(t) = -11*t**3 + 11*t**2 - 2*t + 7. Is c(w) a composite number?
True
Let z(c) = 102*c**2 - 9*c + 295. Is z(-24) a prime number?
True
Suppose 9*j = j - 56. Is 2393 - (8 + j - 3/1) composite?
True
Let l = -9060 + 49403. Is l composite?
False
Let h be ((-8)/(-28)*1)/(3/21). Suppose 0 = 3*u, 3*k + h*u = -2*u + 1839. Suppose 5*j - 1868 = -k. Is j composite?
False
Suppose 4*k = -4*r + 4, 5*r + 2 + 5 = -3*k. Let f be (2/(-6))/(k/(-72)). Suppose 2728 = f*u + 2*a, -3*u = -a + 2*a - 2045. Is u a prime number?
False
Let f = 59 + -54. Suppose 4*k + 203 = f*k. Let g = 534 - k. Is g composite?
False
Let u = 46354 - 20288. Suppose 3*g + 2*k = 19579, -5*g - 2*k + 6559 = -u. Is g composite?
True
Suppose -25*j + 180356 = -21*j. Is j composite?
True
Suppose -11*u = -10*u + 8. Let k be (-70)/u - -2*(-4)/(-32). Suppose 0 = -k*r + 1554 + 705. Is r a prime number?
True
Let k(n) = -2*n - 85. Let t be k(-38). Is (4 - 10407/12)/(t/24) a composite number?
True
Let l(m) be the third derivative of 2*m**5/15 + 131*m**4/24 + 21*m**3/2 - m**2 - 10. Is l(-38) prime?
True
Suppose 3*b - 3*g - 188941 = 17651, 5*b - g - 344340 = 0. Is b composite?
True
Let s = 44 + -46. Let h(k) = -2*k + 1. Let a be h(s). Suppose a*r - 6614 = -3*c, -2*r = c + c - 4416. Is c a prime number?
True
Let s = 36 + -33. Suppose 4*j - 2*a - 10 = 10, -3*j - 3*a + 6 = 0. Suppose s*l = 5*r - 7841, -j*r - r + 4*l = -7843. Is r composite?
False
Suppose -2 - 6 = -4*o. Suppose -1 = -o*w - n, 4*w = n + n + 14. Suppose w*i = 4*i, 2*q + 3*i - 1042 = 0. Is q a prime number?
True
Suppose -6*a + 5*i + 9 = -3*a, 4*a - 5*i = 12. Let s be (-838)/a*15/(-10). Suppose 4*p - 8*p - s = -5*u, -p = -2*u + 167. Is u prime?
True
Let a(h) = h**3 - 10*h**2 - 10*h - 5. Suppose -4*l = 3*o - 17, 4*l + 56 = 4*o + l. Let j be a(o). Suppose 4*s = j*s - 4718. Is s composite?
True
Suppose -b = -3*l + l, -4*l - 3*b = 0. Suppose 4*u - 99 - 545 = l. Let a = u - 82. Is a prime?
True
Suppose 5*p - 10*y - 797415 = -5*y, 3*p - 2*y - 478447 = 0. Is p prime?
False
Let c be ((-8)/(-12))/(4 - (-76)/(-18)). Is 39/(-13) - c/1 - -1903 a composite number?
True
Suppose -188*r = -55*r - 38055157. Is r composite?
False
Suppose 2*n - 5*n + 10 = -4*g, -3*g - 9 = -3*n. Suppose n*j + 1 = -c + 5, -35 = -5*c + 5*j. Let t(p) = 15*p**2 + 11*p - 20. Is t(c) a prime number?
False
Let f(n) be the third derivative of -n**6/120 - n**5/60 - n**4/4 - 5*n**3/6 - n**2. Let l = 2108 - 2115. Is f(l) prime?
True
Let v(o) = 14*o**3 - 7*o. Let j(u) = -u**3 + u**2 - 2*u - 2. Let y(x) = -4*j(x) - v(x). Is y(-7) prime?
True
Is 0 + (3/9)/((-5)/329325*-5) prime?
True
Suppose 0 = -12*i + 29*i - 34. Suppose 5*y - i*f = 71936 + 13849, 0 = y - 5*f - 17134. Is y a composite number?
False
Let u(j) = -432*j - 74. Let z be u(-29). Let d = z + 3879. Is d a composite number?
False
Suppose -8*t - 5*t = 28*t - 7999223. Is t prime?
True
Suppose -2*v + 417 = 3*j, -15*v - 4*j - 600 = -18*v. Let p = v - -1877. Is p prime?
True
Let p be (36/6 - 15)*(-182)/3. Let z = p - -553. Is z a prime number?
False
Suppose 144 - 171 = -9*k. Is (1947 + 2 - (-3)/k) + -1 a composite number?
False
Let b(p) = p + 20. Let g be b(-12). Let w(z) = z**3 - 6*z**2 - 9*z + 12. Let o be w(g). Suppose -o*c + 73*c - 13025 = 0. Is c a composite number?
True
Let o(b) = -157*b + 4 - 436*b + 114. Is o(-13) a prime number?
False
Let g be 6/(-15) + (-2223)/(-95). Suppose 28*p + g*p = 466497. Is p prime?
False
Let y(t) = 695*t - 440. Let g be y(9). Let v = g + 988. Is v prime?
True
Suppose -a + 15 = 2*c, -a + 0*c + c = 0. Let b = 5 - a. Suppose b = -18*h + 13*h + 555. Is h composite?
True
Suppose -15 = -5*t + 10. Suppose -4*j = -4*r - 8180, 4*r - t*j + 4011 + 4174 = 0. Let z = -1187 - r. Is z a prime number?
True
Let x = 230072 + -139065. Is x composite?
True
Let k = -532890 + 890323. Is k composite?
True
Let c = -894974 + 1303513. Is c a composite number?
False
Let y(d) = 28862*d**2 - 75*d. Is y(-1) a prime number?
False
Suppose -c + 54 = -3*o - 4*c, -2*c = 4. Let x be 6 - (3 - 4 - -1). Is (-1364)/x*24/o a prime number?
False
Suppose -4*z = b - 12, 0*b = -3*b + 3*z - 9. Suppose 151*l - 140*l - 42977 = b. Is l composite?
False
Suppose 0 = -296*b + 297*b - 346315. Is b a composite number?
True
Suppose 2627 - 44529 = 2*m + p, m = 2*p - 20961. Let f = 31322 + m. Is f a composite number?
False
Suppose 126*g - 398170 = 1494273 - 529501. Is g a prime number?
False
Let w(d) = -8*d - 102. Let j be w(-13). Suppose -j*r = 4*h - 0*r - 6936, -h = 5*r - 1743. Is h a prime number?
True
Suppose 0 = -2*u - u + 615. Let x = -186 + u. Is x a prime number?
True
Let c be -2 + 7 - (6 + -1). Suppose -2*o - 2*k + 59 + 7593 = c, 7657 = 2*o + 3*k. Is o prime?
True
Let l be (-1)/(18/90*(-10)/(-15672)). Let x = 11629 + l. Is x prime?
True
Let b be (-168)/252 + (6860/3 - 1). Let z = b + 15756. Is z a composite number?
False
Let m = 102 + -108. Let u be 2*(